7, 23, 43
What are the prime factors of 90470?
2, 5, 83, 109
What are the prime factors of 4382384?
2, 273899
List the prime factors of 6271763.
6271763
What are the prime factors of 91799?
41, 2239
What are the prime factors of 279389?
11, 2309
List the prime factors of 4147373.
4147373
List the prime factors of 3611380.
2, 5, 180569
What are the prime factors of 26580286?
2, 47, 282769
List the prime factors of 677836.
2, 97, 1747
What are the prime factors of 4081936?
2, 255121
List the prime factors of 2282754.
2, 3, 380459
What are the prime factors of 240367?
157, 1531
List the prime factors of 1345830.
2, 3, 5, 113, 397
What are the prime factors of 512424?
2, 3, 11, 647
List the prime factors of 40164.
2, 3, 3347
List the prime factors of 9057262.
2, 19, 23, 43, 241
What are the prime factors of 888711?
3, 296237
What are the prime factors of 12160149?
3, 41, 109, 907
List the prime factors of 408890.
2, 5, 31, 1319
List the prime factors of 291999.
3, 131, 743
What are the prime factors of 5096733?
3, 61, 27851
List the prime factors of 146182.
2, 73091
What are the prime factors of 22204556?
2, 11, 31, 73, 223
List the prime factors of 1214002.
2, 607001
List the prime factors of 15781744.
2, 11, 89669
List the prime factors of 2332995.
3, 5, 7, 17, 1307
What are the prime factors of 3822416?
2, 13, 17, 23, 47
List the prime factors of 1085736.
2, 3, 19, 2381
What are the prime factors of 12959379?
3, 89, 5393
What are the prime factors of 3848085?
3, 5, 85513
What are the prime factors of 11575?
5, 463
What are the prime factors of 28813548?
2, 3, 1039, 2311
List the prime factors of 1503683.
1503683
What are the prime factors of 895697?
11, 107, 761
List the prime factors of 2102748.
2, 3, 175229
What are the prime factors of 1087027?
1087027
What are the prime factors of 7268485?
5, 7, 207671
List the prime factors of 1550522.
2, 23, 37, 911
What are the prime factors of 353308?
2, 88327
List the prime factors of 948314.
2, 137, 3461
List the prime factors of 12494523.
3, 113, 36857
List the prime factors of 9036937.
7, 13, 7639
List the prime factors of 11337922.
2, 73, 79, 983
List the prime factors of 62396.
2, 19, 821
What are the prime factors of 1303766?
2, 191, 3413
What are the prime factors of 302802?
2, 3, 109, 463
List the prime factors of 22408414.
2, 7, 17, 94153
What are the prime factors of 239234?
2, 119617
List the prime factors of 462196.
2, 7, 17, 971
What are the prime factors of 2685813?
3, 13, 17, 4051
List the prime factors of 1162078.
2, 19, 53, 577
List the prime factors of 6674797.
113, 59069
List the prime factors of 1171773.
3, 43399
What are the prime factors of 1994318?
2, 59, 16901
List the prime factors of 143594.
2, 11, 61, 107
What are the prime factors of 534548?
2, 7, 17, 1123
List the prime factors of 2174200.
2, 5, 7, 1553
List the prime factors of 96248.
2, 53, 227
What are the prime factors of 545433?
3, 7, 19, 1367
What are the prime factors of 4190854?
2, 151, 13877
What are the prime factors of 24688?
2, 1543
What are the prime factors of 1096361?
7, 156623
List the prime factors of 597233.
7, 13, 6563
What are the prime factors of 3368130?
2, 3, 5, 19, 311
List the prime factors of 2715727.
7, 19, 2917
What are the prime factors of 4673089?
29, 161141
List the prime factors of 1074667.
11, 151, 647
What are the prime factors of 16685074?
2, 7, 23, 51817
List the prime factors of 2464853.
2464853
What are the prime factors of 9502103?
13, 389, 1879
What are the prime factors of 941568?
2, 3, 613
What are the prime factors of 1769716?
2, 13, 34033
What are the prime factors of 1240525?
5, 11, 13, 347
List the prime factors of 3280076.
2, 23, 101, 353
What are the prime factors of 6692507?
6692507
List the prime factors of 106093.
13, 8161
List the prime factors of 7850764.
2, 29, 67679
What are the prime factors of 15170108?
2, 3792527
What are the prime factors of 3437858?
2, 1718929
List the prime factors of 207955.
5, 11, 19, 199
List the prime factors of 10829162.
2, 79, 68539
List the prime factors of 128882.
2, 13, 4957
List the prime factors of 104804.
2, 7, 19, 197
List the prime factors of 7641529.
7, 29, 37643
What are the prime factors of 8845399?
8845399
List the prime factors of 5232463.
47, 163, 683
List the prime factors of 783111.
3, 7, 89, 419
List the prime factors of 940000.
2, 5, 47
List the prime factors of 3212647.
3212647
What are the prime factors of 2377810?
2, 5, 237781
What are the prime factors of 469511?
7, 67073
List the prime factors of 3013581.
3, 1004527
What are the prime factors of 9884374?
2, 241, 20507
List the prime factors of 131755.
5, 13, 2027
What are the prime factors of 272458?
2, 23, 5923
What are the prime factors of 11462861?
331, 34631
List the prime factors of 1659041.
1659041
What are the prime factors of 500341?
500341
List the prime factors of 726564.
2, 3, 191, 317
What are the prime factors of 1984548?
2, 3, 165379
List the prime factors of 12612191.
12612191
List the prime factors of 1359177.
3, 137, 3307
What are the prime factors of 110616?
2, 3, 11, 419
List the prime factors of 2737187.
17, 59, 2729
What are the prime factors of 568900?
2, 5, 5689
List the prime factors of 300499.
300499
List the prime factors of 3882562.
2, 17, 114193
What are the prime factors of 9343434?
2, 3, 1557239
List the prime factors of 1670776.
2, 31, 6737
List the prime factors of 187369.
7, 13, 29, 71
List the prime factors of 2213084.
2, 167, 3313
What are the prime factors of 686633?
29, 23677
List the prime factors of 421368.
2, 3, 97, 181
List the prime factors of 5806360.
2, 5, 7, 89, 233
What are the prime factors of 6410012?
2, 7, 228929
List the prime factors of 269499.
3, 89833
List the prime factors of 2409917.
23, 104779
What are the prime factors of 22937?
22937
What are the prime factors of 2893532?
2, 467, 1549
What are the prime factors of 28773?
3, 23, 139
List the prime factors of 13270551.
3, 7, 631931
List the prime factors of 118782.
2, 3, 6599
List the prime factors of 914310.
2, 3, 5, 10159
What are the prime factors of 237297?
3, 83, 953
List the prime factors of 1221563.
7, 109, 1601
What are the prime factors of 190099?
7, 13, 2089
What are the prime factors of 597433?
597433
List the prime factors of 1598935.
5, 13, 17, 1447
What are the prime factors of 987519?
3, 13, 25321
What are the prime factors of 1183229?
29, 40801
What are the prime factors of 28158187?
23, 1224269
List the prime factors of 7829092.
2, 113, 17321
List the prime factors of 218529.
3, 24281
List the prime factors of 419257.
211, 1987
What are the prime factors of 7803439?
7, 223, 4999
List the prime factors of 14384273.
19, 757067
What are the prime factors of 637975?
5, 13, 151
List the prime factors of 428370.
2, 3, 5, 109, 131
What are the prime factors of 357221?
17, 21013
List the prime factors of 854393.
113, 7561
What are the prime factors of 2703459?
3, 11, 17, 61, 79
List the prime factors of 5710467.
3, 7, 271927
List the prime factors of 5587041.
3, 1862347
What are the prime factors of 731032?
2, 23, 29, 137
What are the prime factors of 277071?
3, 92357
List the prime factors of 10294062.
2, 3, 139, 12343
List the prime factors of 692710.
2, 5, 53, 1307
List the prime factors of 2524860.
2, 3, 5, 13, 83
What are the prime factors of 2583830?
2, 5, 17, 15199
What are the prime factors of 381283?
7, 54469
What are the prime factors of 22572294?
2, 3, 17, 37, 5981
List the prime factors of 12962499.
3, 11, 392803
What are the prime factors of 1301346?
2, 3, 29, 277
What are the prime factors of 1616305?
5, 59, 5479
List the prime factors of 23270953.
19, 827, 1481
What are the prime factors of 573101?
573101
List the prime factors of 27491943.
3, 9163981
List the prime factors of 2098216.
2, 41, 6397
List the prime factors of 300096.
2, 3, 521
List the prime factors of 231303.
3, 77101
List the prime factors of 67872.
2, 3, 7, 101
List the prime factors of 192930.
2, 3, 5, 59, 109
List the prime factors of 5422307.
11, 83, 5939
List the prime factors of 1372829.
1372829
What are the prime factors of 4078402?
2, 17, 119953
List the prime factors of 2440820.
2, 5, 122041
List the prime factors of 9193679.
11, 835789
What are the prime facto